{"id":123,"date":"2018-05-03T12:47:20","date_gmt":"2018-05-03T12:47:20","guid":{"rendered":"http:\/\/www.ergotherapie-trinkner.de\/?page_id=123"},"modified":"2020-05-27T11:11:55","modified_gmt":"2020-05-27T11:11:55","slug":"impressum","status":"publish","type":"page","link":"https:\/\/www.ergotherapie-trinkner.de\/index.php\/impressum\/","title":{"rendered":"Impressum"},"content":{"rendered":"<section class=\"header-img\"><div class=\"wpb_column hcode-column-container vc_col-sm-12 col-xs-mobile-fullwidth\" data-front-class=\"col-xs-mobile-fullwidth\"><div class=\"vc-column-innner-wrapper\"><img loading=\"lazy\" decoding=\"async\" width=\"1920\" height=\"750\" src=\"https:\/\/www.ergotherapie-trinkner.de\/wp-content\/uploads\/2018\/07\/startseite.jpg\" class=\"\" alt=\"\" srcset=\"https:\/\/www.ergotherapie-trinkner.de\/wp-content\/uploads\/2018\/07\/startseite.jpg 1920w, https:\/\/www.ergotherapie-trinkner.de\/wp-content\/uploads\/2018\/07\/startseite-300x117.jpg 300w, https:\/\/www.ergotherapie-trinkner.de\/wp-content\/uploads\/2018\/07\/startseite-768x300.jpg 768w, https:\/\/www.ergotherapie-trinkner.de\/wp-content\/uploads\/2018\/07\/startseite-1024x400.jpg 1024w, https:\/\/www.ergotherapie-trinkner.de\/wp-content\/uploads\/2018\/07\/startseite-81x32.jpg 81w\" sizes=\"(max-width: 1920px) 100vw, 1920px\" \/><\/div><\/div><\/section><section><div class=\"container\"><div class=\"row\"><div class=\"wpb_column hcode-column-container vc_col-sm-12 col-xs-mobile-fullwidth\" data-front-class=\"col-xs-mobile-fullwidth\"><div class=\"vc-column-innner-wrapper\"><h1 class=\"section-title \">Impressum<\/h1><\/div><\/div><\/div><\/div><\/section><section><div class=\"container\"><div class=\"row\"><div class=\"wpb_column hcode-column-container vc_col-sm-12 col-xs-mobile-fullwidth\" data-front-class=\"col-xs-mobile-fullwidth\"><div class=\"vc-column-innner-wrapper\"><h3>Angaben gem\u00e4\u00df \u00a7 5 TMG:<\/h3>\n<p>Praxis f\u00fcr Ergotherapie Anke Trinkner<br \/>\nWeinstr. 4<br \/>\n74354 Besigheim<\/p>\n<h3>Kontakt:<\/h3>\n<p>Telefon: 07143 \/ 96 77 99<br \/>\nE-Mail: ergotherapiepraxisanketrinkner@web.de<\/p>\n<h3>Aufsichtsbeh\u00f6rde:<\/h3>\n<p class=\"p1\">Deutscher Verband der Ergotherapeuten e.V.<\/p>\n<p>Becker-G\u00f6ring-Str. 26\/1<br \/>\n76307 Karlsbad<\/p>\n<p><a href=\"https:\/\/dve.info\/\" target=\"_blank\" rel=\"noopener noreferrer\">https:\/\/www.dve.info\/<\/a><\/p>\n<h3>Angaben zur Berufshaftpflichtversicherung<\/h3>\n<p>R+V Versicherungen<\/p>\n<h3>Streitschlichtung<\/h3>\n<p>Die Europ\u00e4ische Kommission stellt eine Plattform zur Online-Streitbeilegung (OS) bereit: <a href=\"https:\/\/ec.europa.eu\/consumers\/odr\" target=\"_blank\" rel=\"noopener noreferrer\">https:\/\/ec.europa.eu\/consumers\/odr<\/a>.<br \/>\nUnsere E-Mail-Adresse finden Sie oben im Impressum.<\/p>\n<p>Wir sind nicht bereit oder verpflichtet, an Streitbeilegungsverfahren vor einer Verbraucherschlichtungsstelle teilzunehmen.<\/p>\n<h3>Haftung f\u00fcr Inhalte<\/h3>\n<p>Als Diensteanbieter sind wir gem\u00e4\u00df \u00a7 7 Abs.1 TMG f\u00fcr eigene Inhalte auf diesen Seiten nach den allgemeinen Gesetzen verantwortlich. Nach \u00a7\u00a7 8 bis 10 TMG sind wir als Diensteanbieter jedoch nicht verpflichtet, \u00fcbermittelte oder gespeicherte fremde Informationen zu \u00fcberwachen oder nach Umst\u00e4nden zu forschen, die auf eine rechtswidrige T\u00e4tigkeit hinweisen.<\/p>\n<p>Verpflichtungen zur Entfernung oder Sperrung der Nutzung von Informationen nach den allgemeinen Gesetzen bleiben hiervon unber\u00fchrt. Eine diesbez\u00fcgliche Haftung ist jedoch erst ab dem Zeitpunkt der Kenntnis einer konkreten Rechtsverletzung m\u00f6glich. Bei Bekanntwerden von entsprechenden Rechtsverletzungen werden wir diese Inhalte umgehend entfernen.<\/p>\n<h3>Haftung f\u00fcr Links<\/h3>\n<p>Unser Angebot enth\u00e4lt Links zu externen Websites Dritter, auf deren Inhalte wir keinen Einfluss haben. Deshalb k\u00f6nnen wir f\u00fcr diese fremden Inhalte auch keine Gew\u00e4hr \u00fcbernehmen. F\u00fcr die Inhalte der verlinkten Seiten ist stets der jeweilige Anbieter oder Betreiber der Seiten verantwortlich. Die verlinkten Seiten wurden zum Zeitpunkt der Verlinkung auf m\u00f6gliche Rechtsverst\u00f6\u00dfe \u00fcberpr\u00fcft. Rechtswidrige Inhalte waren zum Zeitpunkt der Verlinkung nicht erkennbar.<\/p>\n<p>Eine permanente inhaltliche Kontrolle der verlinkten Seiten ist jedoch ohne konkrete Anhaltspunkte einer Rechtsverletzung nicht zumutbar. Bei Bekanntwerden von Rechtsverletzungen werden wir derartige Links umgehend entfernen.<\/p>\n<h3>Urheberrecht<\/h3>\n<p>Die durch die Seitenbetreiber erstellten Inhalte und Werke auf diesen Seiten unterliegen dem deutschen Urheberrecht. Die Vervielf\u00e4ltigung, Bearbeitung, Verbreitung und jede Art der Verwertung au\u00dferhalb der Grenzen des Urheberrechtes bed\u00fcrfen der schriftlichen Zustimmung des jeweiligen Autors bzw. Erstellers. Downloads und Kopien dieser Seite sind nur f\u00fcr den privaten, nicht kommerziellen Gebrauch gestattet.<\/p>\n<p>Soweit die Inhalte auf dieser Seite nicht vom Betreiber erstellt wurden, werden die Urheberrechte Dritter beachtet. Insbesondere werden Inhalte Dritter als solche gekennzeichnet. Sollten Sie trotzdem auf eine Urheberrechtsverletzung aufmerksam werden, bitten wir um einen entsprechenden Hinweis. Bei Bekanntwerden von Rechtsverletzungen werden wir derartige Inhalte umgehend entfernen.<\/p>\n<\/div><\/div><\/div><\/div><\/section>","protected":false},"excerpt":{"rendered":"<p>ImpressumAngaben gem\u00e4\u00df \u00a7 5 TMG: Praxis f\u00fcr Ergotherapie Anke Trinkner Weinstr. 4 74354 Besigheim Kontakt: Telefon: 07143 \/ 96 77 99 E-Mail: ergotherapiepraxisanketrinkner@web.de Aufsichtsbeh\u00f6rde: Deutscher Verband der Ergotherapeuten e.V. Becker-G\u00f6ring-Str. 26\/1 76307 Karlsbad https:\/\/www.dve.info\/ Angaben zur Berufshaftpflichtversicherung R+V Versicherungen Streitschlichtung Die Europ\u00e4ische Kommission stellt eine Plattform zur Online-Streitbeilegung (OS) bereit: https:\/\/ec.europa.eu\/consumers\/odr. Unsere E-Mail-Adresse finden Sie [&hellip;]<\/p>\n","protected":false},"author":1,"featured_media":0,"parent":0,"menu_order":0,"comment_status":"closed","ping_status":"closed","template":"","meta":{"footnotes":""},"_links":{"self":[{"href":"https:\/\/www.ergotherapie-trinkner.de\/index.php\/wp-json\/wp\/v2\/pages\/123"}],"collection":[{"href":"https:\/\/www.ergotherapie-trinkner.de\/index.php\/wp-json\/wp\/v2\/pages"}],"about":[{"href":"https:\/\/www.ergotherapie-trinkner.de\/index.php\/wp-json\/wp\/v2\/types\/page"}],"author":[{"embeddable":true,"href":"https:\/\/www.ergotherapie-trinkner.de\/index.php\/wp-json\/wp\/v2\/users\/1"}],"replies":[{"embeddable":true,"href":"https:\/\/www.ergotherapie-trinkner.de\/index.php\/wp-json\/wp\/v2\/comments?post=123"}],"version-history":[{"count":7,"href":"https:\/\/www.ergotherapie-trinkner.de\/index.php\/wp-json\/wp\/v2\/pages\/123\/revisions"}],"predecessor-version":[{"id":208,"href":"https:\/\/www.ergotherapie-trinkner.de\/index.php\/wp-json\/wp\/v2\/pages\/123\/revisions\/208"}],"wp:attachment":[{"href":"https:\/\/www.ergotherapie-trinkner.de\/index.php\/wp-json\/wp\/v2\/media?parent=123"}],"curies":[{"name":"wp","href":"https:\/\/api.w.org\/{rel}","templated":true}]}}